mainder when t is divided by 5.
4
Let c(m) = m + 6. Calculate the remainder when c(15) is divided by 11.
10
Let h(s) = -5*s - 5. Let t be h(4). Let b = -14 - t. Calculate the remainder when b is divided by 3.
2
Suppose -4*w - 3*g + 259 = -0*g, 3*g = -w + 67. Calculate the remainder when w is divided by 13.
12
Let m = 20 - 19. Calculate the remainder when 1 is divided by m.
0
Let d = -40 - -56. Calculate the remainder when d is divided by 9.
7
Suppose 4*z - 2*c = -0*c + 60, -z - 4*c = -33. Suppose 0 = 2*t - 43 + z. Suppose 9 + 63 = 3*q. What is the remainder when q is divided by t?
11
Let x(n) = -4*n**3 - 2*n - 1. Let l be x(-1). Suppose 2 = -w + l. Calculate the remainder when 14 is divided by (6/4)/(w/16).
6
Suppose -d - 3*q - 1 = -0*d, -4*d - 4*q = -4. Suppose -2*g + 8 = s, -g + 5 = -3*s + 43. Calculate the remainder when (d/(-3))/(6/(-207)) is divided by s.
11
Let b = -38 + 55. Suppose 3*y - 2*o = -11 + 109, 0 = -5*y - 5*o + 155. Calculate the remainder when y is divided by b.
15
Suppose -295 = -0*z - 5*z. What is the remainder when z is divided by 12?
11
Let m(n) = -n**3 + n**2 + 2*n + 6. Let l be m(-4). Suppose 3*s + l = 6*s. What is the remainder when s is divided by 14?
12
Let l = -5 - -12. Calculate the remainder when 27 is divided by l.
6
Let s = -219 - -313. What is the remainder when s is divided by 24?
22
Let s be 5 - 2 - -7 - 3. Let r = 0 + s. Calculate the remainder when 16 is divided by r.
2
Suppose -10 = 6*m - m. Let o be ((-2)/1)/(m/(-4)). Calculate the remainder when (o - 0)*68/(-16) is divided by 9.
8
Let k = 61 + -27. Suppose 2*d + 60 = 7*d. What is the remainder when k is divided by d?
10
Suppose -h + 66 = -5*f, -2*h + 6*f = 2*f - 150. Suppose a = -a, -a - h = -3*b. Suppose 1 = -q + b. What is the remainder when q is divided by 14?
12
Let b = 1 - -4. What is the remainder when b is divided by 15/6*(-6)/(-5)?
2
Let t = -44 + 84. Let z be 4/1 - 0/(-1). Suppose -5*c + 23 = 4*f, -z*f + t = f - 5*c. What is the remainder when 13 is divided by f?
6
Let m = -20 + 25. Suppose m*d = 92 + 148. Calculate the remainder when d is divided by 17.
14
Suppose 4*c + 4*a = -3 - 1, -4*a = -4*c + 28. Let h(k) = k**3 + k**2 - k + 3. Calculate the remainder when h(0) is divided by c.
0
Let c(o) = -3*o + 13. Let w(m) = 2*m - 7. Let y(z) = -2*c(z) - 5*w(z). What is the remainder when y(-6) is divided by 18?
15
Suppose -x = -5*r - 18, 3*r = -4*x + 5*r + 90. Suppose 9 = -l - 3*a, -2*a - 3*a - x = -l. Calculate the remainder when l is divided by 1.
0
Let f(d) = 49*d**2 + d - 1. What is the remainder when f(1) is divided by 17?
15
Let m = 15 + -9. What is the remainder when 16 is divided by m?
4
Let h be (-4)/(-6)*(-21)/2. Let d = -4 - h. Suppose -d*w + 12 = -27. What is the remainder when 25 is divided by w?
12
Suppose b + 5*h - 3*h - 65 = 0, 5*b - 4*h = 283. Let d = 100 - b. Let a = d - 22. What is the remainder when a is divided by 7?
5
Suppose 0 = q - 0 - 2. Suppose 0 = 900*i - 903*i + 114. Calculate the remainder when i is divided by q/(-1) + (24 - 2).
18
Suppose -2 - 54 = -4*d. What is the remainder when 39 is divided by d?
11
Let u = 129 + -40. Suppose 5*m = -4*r + u, -4*m + 3*r = -0*m - 65. Calculate the remainder when 49 is divided by m.
15
Let g(j) = -2*j**2 - 4*j - 4. Let q be g(-3). Let w = 16 + q. Calculate the remainder when 11 is divided by w.
5
Let g = -57 - -90. Calculate the remainder when 197 is divided by g.
32
Let y be ((-12)/(-15))/((-4)/(-10)). Let w be 2 + 1*2/(-1). Let z = y + w. Calculate the remainder when 3 is divided by z.
1
Suppose b = 4*b + 3. Suppose 0 = 3*c - 15, 7 = 2*k - 4*k + 5*c. What is the remainder when (-17)/(-2)*(b + 3) is divided by k?
8
Let i(s) = 11*s - 9. Calculate the remainder when 16 is divided by i(2).
3
Let d = 0 + 1. Let g(k) = -7*k**2 + 10*k + 1. Let h(w) = 15*w**2 - 21*w - 1. Let n(x) = 13*g(x) + 6*h(x). Calculate the remainder when n(5) is divided by d.
0
Let y(l) = -142*l - 1. Let f be y(-1). Let g = f + -69. Suppose 22 = -j + c + 59, 2*j - c - g = 0. What is the remainder when j is divided by 12?
11
Let q(w) = -4*w**2 - 3*w + 3. Let f(r) = -r**2 - 1. Let a(v) = -5*f(v) + q(v). Calculate the remainder when a(6) is divided by 7.
5
Suppose -4*b + 133 + 39 = 0. Calculate the remainder when b is divided by 23.
20
Suppose -3*u - i + 62 = 0, u = 5*i + 54 - 12. Calculate the remainder when 29 is divided by (-2)/1*u/(-4).
7
Let x(l) = l**2 + 2 + l + 0*l**2 - 3*l + 3. Let q be x(-5). Suppose 2*o + o = c - 4, -q = -3*c - 5*o. What is the remainder when 29 is divided by c?
9
Calculate the remainder when 0/2 - (5 + 0 - 55) is divided by (-1)/((2/13)/(-2)).
11
Let f = -7 - -12. Suppose c + 2*r - 13 = 0, 2*r + 3*r - 70 = -f*c. What is the remainder when 43 is divided by c?
13
Let a = 3 - -15. What is the remainder when a is divided by 13?
5
Suppose 9 = 2*z - 3*j, -2*z - 5*j + 36 - 3 = 0. Let a(h) = h**3 + 7*h**2 + 6*h + 4. What is the remainder when z is divided by a(-6)?
1
Let c = -5 + 6. Let o be (2/c)/(3/6). Calculate the remainder when 62 is divided by 82/o + 1/2.
20
Calculate the remainder when (-3 - (-22)/(-3))*-3 is divided by 16.
15
Suppose -268 = -3*n + 119. What is the remainder when n is divided by 33?
30
Let v(t) = -3*t**2 + 2*t**2 - 8*t**3 - 4*t + 5*t + 3*t**2. Suppose 3 = b - 2. What is the remainder when v(-1) is divided by b?
4
Suppose i + 33 - 61 = 0. What is the remainder when i is divided by 10?
8
Let j(r) = -r**3 + 2*r**2 + 5*r + 2. Calculate the remainder when j(-3) is divided by (-1)/(-2)*-15*20/(-30).
2
Let c = -9 - -6. Let m be (1/1)/(c/(-9)). Let g(r) = -r**2 + 5*r - 4. Calculate the remainder when g(m) is divided by 1.
0
Let i = 57 - 37. Calculate the remainder when i is divided by 11.
9
Suppose -11 = -b + 3*f, -b - 2*f - 33 = -4*b. Calculate the remainder when 42 is divided by b.
9
Suppose 0 = x - 3 + 1, 3*x + 39 = 5*p. Let s = 5 + -2. Calculate the remainder when p is divided by s.
0
Suppose -30 = -2*l - 3*l. Suppose -2*t - 16 = -4*p, t - 4 - l = -4*p. Suppose 40 - 1 = p*k. What is the remainder when 36 is divided by k?
10
Suppose 2*q - 165 = 7*q. Let i = q + 60. Let u = 24 - 10. Calculate the remainder when i is divided by u.
13
Let w = -6 + 7. What is the remainder when w*2*(29 - 0) is divided by 20?
18
Let v(k) = 7*k + 9*k + 13*k**2 - 5*k**3 + 7*k**3 - 3*k**3 - 8. Calculate the remainder when 39 is divided by v(14).
19
Let u = 13 - -3. Calculate the remainder when 75 is divided by u.
11
Let x = -50 - -81. Calculate the remainder when x is divided by 7.
3
Let s = -139 - -171. What is the remainder when s is divided by 9?
5
Suppose 3*o + 0*o - 36 = 0. Calculate the remainder when o is divided by 7.
5
Let j = -10 + 25. What is the remainder when j is divided by 8?
7
What is the remainder when 7 is divided by ((-10)/3)/((-24)/36)?
2
Let a(r) be the first derivative of -r**2/2 + 33*r + 2. Let z be a(0). Suppose -4*p + z = -59. Calculate the remainder when p is divided by 8.
7
Suppose 3*h - 18 = 2*h - 2*w, -2*h - 3*w = -36. Calculate the remainder when 69 is divided by h.
15
Suppose -2*a + 24 = 2*a. What is the remainder when 49 is divided by (a*5)/2 + -2?
10
Let o(l) = l**2 + 4*l - 2. Let u be o(-5). What is the remainder when 4 is divided by 2 + 0/u + 0?
0
Let b be (2 + -3)/((-1)/5). Suppose -5*v + 17 = -v + 3*m, -2*m = -b*v + 50. Calculate the remainder when 22/2*(-2)/(-1) is divided by v.
6
Suppose 0*s - 3 = -s. Suppose -2*t = -3*x - 82, -5*t - 71 = 3*x + 18. What is the remainder when ((-7)/x)/(2/56) is divided by s?
1
Let l(v) = 4*v**2 - v + 3. What is the remainder when 82 is divided by l(-2)?
19
Let c(y) = 27*y - 11. What is the remainder when c(4) is divided by 20?
17
Calculate the remainder when 88 is divided by 2/(-6)*(-2883)/31.
26
Let p be -9*-2*(-2)/(-4). Let k be p/(-6)*8/(-6). Suppose 2*c = 4*s - 158, 0 = k*s + 2*c - 88. Calculate the remainder when s is divided by 14.
13
Suppose i - 2*o - o = 116, 0 = -5*i + o + 510. Let m = i - 60. What is the remainder when m is divided by 22?
19
Suppose 2*i = 2*o - 3*i - 73, -4*i = 5*o - 265. What is the remainder when o is divided by 26?
23
Suppose -k + 3*f = -12 - 13, 4*k = 4*f + 84. Calculate the remainder when k is divided by 26/4 + (-8)/(-16).
5
Suppose 0 = -4*n + 3*n + 16. Calculate the remainder when n is divided by 9.
7